*f - 32, -g*f - 9 + 47 = 3*y. What is the highest common factor of f and 32?
8
Let o(f) be the second derivative of -f**5/20 + 7*f**4/12 + 3*f**3/2 + 4*f**2 - 3*f. Let p be o(8). What is the greatest common divisor of 2 and p?
2
Suppose 0 = -5*o - 0 + 25. Suppose -2*v = i + 2*v - 27, -5*v + 60 = 2*i. What is the highest common factor of o and i?
5
Let o be (-24)/(-1 + -2) - (-1 + 1). Calculate the highest common factor of 40 and o.
8
Let j(m) = 2*m**3 - 4*m**2 + 3*m - 6. Let c be j(4). Let k(l) = l**3 + 5*l**2 + 2*l - 2. Let s be k(-3). What is the highest common factor of s and c?
10
Suppose -n + 80 = 3*n. What is the highest common factor of n and 30?
10
Let t be (-10)/3*36/(-10). Suppose l = -l - 80. Let c = -22 - l. Calculate the greatest common factor of t and c.
6
Let y = -53 - -128. Calculate the greatest common divisor of 50 and y.
25
Let j = 114 - 82. Calculate the highest common factor of 80 and j.
16
Let u(q) = 19*q**3 + 2. Let i be u(2). What is the highest common factor of 44 and i?
22
Let g = 1 + 3. Let m(y) = -4*y - y**2 - 4*y + 2*y**2 + 4*y + 6. Let q be m(g). Calculate the greatest common factor of q and 6.
6
Let b(d) = d**2 + 6*d + 1. Let s be b(-6). Let v(g) = 10*g**3 + g**2 + g - 1. Let l be v(s). What is the highest common factor of l and 77?
11
Suppose -k - 7 = 2*b, -10 = -5*k + 2*b + 15. Let y(n) = -n**2 - 5*n + 3. Let s be y(-5). What is the greatest common divisor of s and k?
3
Suppose -2*w - w = -450. Calculate the greatest common factor of w and 10.
10
Let m be (10/4 - 2)*106 + 2. Let o = 3 + -24. Let b = o + 43. Calculate the greatest common divisor of m and b.
11
Let n = 60 - 54. What is the greatest common divisor of n and 48?
6
Let w be (-44)/(-6) - 1/3. Suppose w*b - 80 = 2*b. Let v = 92 + -76. Calculate the greatest common factor of v and b.
16
Let z(s) = s**2 - 6*s + 14. Let v be z(-8). Let f(y) = 18*y. Let j be f(1). Calculate the highest common divisor of v and j.
18
Suppose 0 - 12 = -3*u. Suppose o + u*o - 20 = 0. Calculate the highest common divisor of 44 and o.
4
Suppose 0*o + 2*o - 154 = 0. Let z be -2*4/(16/(-110)). Suppose -w + z = 4*w. Calculate the highest common factor of o and w.
11
Let h be 170 - (-2 - (-1 - 2)). Suppose -5*c = -11 - h. Calculate the greatest common divisor of c and 9.
9
Let s(u) = u**2 + 6*u + 8. Let n be s(-6). Let j(z) = 2*z + 4. Let r be j(8). What is the highest common factor of n and r?
4
Let j = 164 + -296. Let y be (-3 + (j - 0))/(-1). Suppose 2*b - 4*i = -6*i + 28, -4*b + 3*i + 63 = 0. Calculate the greatest common factor of b and y.
15
Suppose 7*k - 65 = 2*k. What is the greatest common divisor of k and 65?
13
Suppose 3*p - 5*w - 14 = 8, 4*p + 5*w - 6 = 0. Suppose -2*r = -r - p. What is the highest common factor of 2 and r?
2
Let m(n) = -n**3 + 6*n**2 + 7*n + 8. Let u be m(7). Let w be 6*4*4/u. Calculate the greatest common factor of w and 6.
6
Suppose -694 = -5*i - 3*h, 2*h + 424 = -2*i + 5*i. Suppose -6*w = -11*w + 100. What is the highest common factor of w and i?
20
Let w = 272 - 6. Suppose w = j - 3. Suppose -4*x + j + 67 = 0. What is the highest common factor of x and 12?
12
Suppose 5*g + 5 = 155. Calculate the highest common divisor of g and 12.
6
Let a(v) = v**2 - 3*v - 5. Let i be a(5). Suppose 0 = i*d - 5 - 1010. Let g = d - 133. What is the greatest common factor of g and 28?
14
Suppose -1356 = 4*n - v, -3*n + 3*v - 62 = 964. Let t = 491 + n. Suppose -d - 10 = d, 0 = -4*b + d + 73. What is the greatest common divisor of t and b?
17
Let c be (119/4)/(4/16). Calculate the greatest common factor of 17 and c.
17
Let b(v) = v**2 + 6*v + 5. Let d be -2*-5*3/(-6). Let p be b(d). Suppose -u + 0*u + 9 = p. Calculate the greatest common factor of 63 and u.
9
Suppose -112 = -4*o + 2*g, -o - 3*g + 8 + 13 = 0. Calculate the highest common divisor of 3 and o.
3
Let g = -27 - -93. Suppose -4*b + b = -g. Calculate the highest common divisor of b and 22.
22
Let i = -17 - -24. Suppose i*c = 2*c + 30. Suppose 3*v - 2*m + 0 - 17 = 0, -5*m + 25 = 0. What is the highest common divisor of v and c?
3
Let y(p) = -2*p - p - 4 + 4 + p**2 - 2. Let v be y(-2). Suppose b - 5 - 11 = 0. What is the greatest common factor of b and v?
8
Let r(s) = s + 11. Let w be r(-5). What is the highest common divisor of 2 and w?
2
Let k(h) = h**2 + 6*h - 6. Let l be k(-8). Calculate the highest common divisor of 70 and l.
10
Let h(o) = -o**3 + 10*o**2 - 14*o - 6. Let s be h(8). What is the highest common factor of 4 and s?
2
Let i(a) = -a**3 - 8*a**2 - 5*a - 10. Let c be i(-8). Let r = c - -7. Suppose -27 = -4*v + r. Calculate the greatest common factor of v and 16.
16
Suppose -5 = d, -71 = -4*a + 2*d + 27. Calculate the greatest common factor of 55 and a.
11
Suppose -n - 1 = 0, -3*r - 3 = -4*n - 1. Let m = 2 - r. Suppose 3*v + 0*v - 84 = 0. What is the greatest common factor of m and v?
4
Suppose 0*r = -5*r + 70. Suppose -3*y + r = -10. Calculate the highest common divisor of 24 and y.
8
Suppose 7*g = 3*g + 416. Let b be 14 + (4 - 2) + -3. Calculate the highest common factor of b and g.
13
Let l = -4 - -56. What is the greatest common factor of l and 156?
52
Let o(a) = a**2 + 31. Let s be o(-13). Calculate the highest common divisor of s and 25.
25
Let u(r) = -4*r - 2. Let d be u(-5). What is the greatest common factor of 9 and d?
9
Let q(c) = 3*c**2 - c + 2. Let s be q(-3). What is the highest common factor of s and 48?
16
Let s be -62*(4/22 - (-30)/(-44)). Calculate the greatest common factor of 341 and s.
31
Let c(l) = l**2 - 13*l - 34. Let t be c(18). What is the greatest common factor of 14 and t?
14
Let l(j) = -9 - 3*j - 6 - 6 + 6. Let u be l(-12). Calculate the greatest common factor of 3 and u.
3
Suppose -3*y - y = -8. Let m = -77 + 77. Suppose -y*i - 2 + 26 = m. What is the highest common factor of i and 48?
12
Let t = 0 - -3. Suppose t*n - 73 = -3*q + 32, -n = -4*q + 130. Calculate the highest common factor of q and 3.
3
Suppose 0 = 3*s - 7*s + 56. Suppose 2*d - 4*l - 70 = 0, -2*d + 38 = l - 32. What is the greatest common factor of s and d?
7
Let u = 1 - -2. Let z = u + 2. Let c(l) = l**3 + 7*l**2 + 4*l + 8. Let i be c(-6). What is the greatest common factor of i and z?
5
Let j = -25 + 27. Let l be j/(-15) - 1922/(-15). Calculate the highest common factor of l and 16.
16
Suppose 5*y = h + h + 1155, -5*h = -y + 231. Suppose 4*d = -d + 90. Let c be (7/(-2))/((-3)/d). Calculate the greatest common divisor of c and y.
21
Suppose 6 = -3*g + 4*g. Calculate the greatest common factor of g and 36.
6
Let b be 0/(-2) + (-30)/(-2). Let s be ((-8)/12)/((-2)/b). Suppose 0 = s*a - 30 - 30. What is the greatest common factor of 3 and a?
3
Let z be ((-2)/4)/(6/12). Let f be z/2 + (-2)/(-4). Suppose -r + o + 7 = f, -o + 1 - 14 = -2*r. Calculate the greatest common divisor of r and 24.
6
Suppose 27*p - 11*p - 208 = 0. Let o(i) = i. Let y(q) = -48*q. Let b(w) = 9*o(w) + y(w). Let t be b(-1). Calculate the greatest common factor of p and t.
13
Let g(v) = 2*v**2 - 10*v + 2. Let r = -6 - -13. Let p be g(r). Let c = 15 + 0. Calculate the greatest common factor of p and c.
15
Suppose 2*k + 8 = 3*d, -k + 0 + 3 = 2*d. Suppose -4*z + 19 = 3*a, -24 = -d*z - z + a. Let v = -29 + 43. Calculate the greatest common factor of v and z.
7
Let j be (-66)/4*1*-6. Let z be 63 - (-4)/((-12)/(-9)). Let o be ((-2)/(-3))/(4/z). What is the greatest common divisor of j and o?
11
Suppose 0 = -4*o + 8. Suppose 352 = 4*c - o*m, -2*c - 266 = -5*c + m. What is the greatest common divisor of 10 and c?
10
Let m = 44 + -28. Let i be (23 - 1)*(-16)/(-2). What is the highest common divisor of m and i?
16
Suppose -a = -3 - 2. What is the greatest common divisor of 1 and a?
1
Let y(l) = -5*l + 2. Let c be y(-1). Let q = 10 - c. Let i be (1 - 2) + 0 + 2. Calculate the greatest common factor of q and i.
1
Let h = -75 + 107. Suppose 6*f = 88 + 8. Calculate the greatest common divisor of h and f.
16
Let k(p) = -p**2 + 11. Let s be k(0). Let v(q) = -16*q - 4. Let n be v(-3). Calculate the highest common divisor of n and s.
11
Let p = 6 - 6. Suppose 3*o - 5 - 1 = p. Let d = o + 19. What is the highest common factor of d and 3?
3
Let q = 8 - 4. Let h be (-45)/(-2) + 6/q. Calculate the highest common factor of 60 and h.
12
Let i(h) = -h**2 + 9*h + 6.